divisor of s and 111.
111
Let j be 12/(-3) + 7 + (12 - -8796). What is the highest common divisor of 11 and j?
11
Suppose 33*g + 10303 = 116*g - 61824. What is the highest common factor of g and 319?
11
Suppose -2*s + 20254 = g, -g + 60730 = 6*s - 2*g. Calculate the greatest common divisor of s and 764.
191
Let t = 285 + -53. Suppose 0 = -145*k + 146*k - t. Calculate the highest common divisor of 8 and k.
8
Suppose 48 = 2*k - 114. Suppose -8*s + 5*f - 1295 = -6*s, -s = -3*f + 647. Let u be s/(-12) - ((-2)/(-12) - 0). What is the greatest common factor of k and u?
27
Let g be 2265/18 + 9/54. Let u(d) = -4*d - 86. Let a be u(-26). What is the greatest common divisor of g and a?
18
Suppose 4*k = -i - 13, -4*i = 324*k - 328*k - 28. Let a(l) = 4*l - 11. Let v be a(11). Calculate the greatest common divisor of v and i.
3
Suppose -18*x = -116*x + 67130. Calculate the highest common factor of 15 and x.
5
Suppose -5*y = 2*r - 17285, -r + 3*y + 2*y + 8680 = 0. Calculate the highest common factor of 15 and r.
15
Let y = -1198 + 1234. Let z be 536/44 + ((-9)/(-11) - 1). What is the greatest common factor of z and y?
12
Let f be 24306/27 + (-16)/72. Let a be (-9 + 51)/6 + 43. What is the greatest common divisor of f and a?
50
Let x = 6 - 1. Suppose -x*o - 3*r - r - 125 = 0, 3*r - 160 = 5*o. Let a = 33 + o. Calculate the greatest common divisor of 6 and a.
2
Suppose -2*s + 4*d = -24, -43*d - 87 = -4*s - 48*d. Let a be 282/3 + -2*1. Let y = a - -70. What is the highest common divisor of s and y?
18
Let d(j) = 4*j**2 - 2*j + 12. Suppose 3*g + o + 118 - 316 = 0, 3*o = -g + 74. Let b = 65 - g. Let p be d(b). What is the greatest common factor of 108 and p?
12
Let o(r) = -r**2 - r - 8. Let n = -8 - -5. Let a be o(n). Let c = a + 53. What is the greatest common divisor of 312 and c?
39
Let f = 18 - -12. Let d(i) = -23 - f + 8*i + 16. Let t be d(14). Calculate the greatest common factor of 25 and t.
25
Let u be (368/6)/(42/63). Calculate the highest common factor of u and 138.
46
Let v be 18/24 - (3403/(-28) + (-4)/(-14)). Calculate the greatest common divisor of v and 3355.
61
Let x(f) = -109*f**2 - 2 - 4 + f**3 - 2 + 102*f**2 + 2 - 41*f. Let n be x(13). Calculate the greatest common factor of n and 50.
25
Suppose 2*k - 2*o = 30, 3*k + 20 = 4*k - 2*o. Let a(f) = -9*f - 71. Let i be a(21). Let t = 340 + i. What is the highest common divisor of k and t?
10
Let p = -3739 - -5763. What is the highest common factor of 32 and p?
8
Let f(l) = -4*l + 191. Let q be f(-24). Let i(z) = -z**3 + 9*z**2 - 9*z + 6. Let d be i(7). Calculate the greatest common factor of d and q.
41
Let a(r) = -216*r + 1. Let n be a(-1). Suppose 0*o - 5*y + 568 = 6*o, 4*y = 2*o - 178. What is the highest common divisor of n and o?
31
Let j = -5163 + 9418. Calculate the greatest common factor of 69 and j.
23
Let r = 7246 - 4974. Calculate the highest common divisor of r and 3266.
142
Let b be ((-227)/7 + 36/84)/(-2). Suppose -12*v - 336 = -b*v. Calculate the highest common divisor of 28 and v.
28
Suppose 11*j - s + 21992 = 14*j, -16 = 4*s. What is the greatest common factor of 156 and j?
156
Let a = 39 - 9. Let v be (-1)/(-6) + (-2717)/(-114). What is the greatest common divisor of a and v?
6
Suppose 0*n = -6*n - 354. Suppose 5*f - 4*f = -2*q - 26, 5*f - q = -185. Let a = f - n. What is the greatest common divisor of 184 and a?
23
Suppose -72864*s + 72869*s - 10185 = 0. Calculate the greatest common factor of 485 and s.
97
Suppose -15 = -r - 4*g + 25, -4*g + 12 = 0. Let m = -2193 + 653. Let d be (m/176)/(2/(-16)). Calculate the highest common factor of r and d.
14
Let g = 7237 - 6513. What is the highest common factor of 32 and g?
4
Suppose -3*s - 2*s + 90 = 0. Let u be ((-1)/(-7))/(4/140). Suppose -u*m - m = -540. Calculate the highest common factor of m and s.
18
Suppose 3*p + 670 = -2*a, -4*a + 478 = 2*p + 1818. Let o = a - -343. What is the highest common divisor of 2 and o?
2
Suppose 8*t = 3*t + 10*t - 66130. What is the greatest common factor of 17 and t?
17
Suppose -4252 = -32*o + 11285 + 1263. Calculate the highest common factor of 42 and o.
21
Suppose -126665 = 6928*n - 6977*n. What is the highest common factor of 165 and n?
55
Let k(i) = i**2 + 4. Let c be k(4). Let z(s) = s**2 + 2*s - 15. Let n be z(-7). What is the highest common factor of c and n?
20
Suppose -25*f = -3*w - 24*f + 369, -238 = -2*w + 2*f. What is the highest common divisor of 265 and w?
5
Let j be (14 + 4)/(-9)*9/(-1). Calculate the highest common divisor of j and 732.
6
Let m be (7 + -1)/(6/15). Let r(q) = 8661*q - 77928. Let a be r(9). What is the greatest common divisor of a and m?
3
Let b = 25769 + -25625. Suppose 108 = 2*i - 16. Suppose -4*a + 40 = 5*n - 132, -2*n + i = 5*a. Calculate the highest common divisor of n and b.
36
Let i be 1/7 - 95536/(-98). What is the highest common factor of i and 156?
39
Let d = 292 - 18. Let h = d - 249. Calculate the highest common factor of h and 50.
25
Let x be (-196)/(-2) - (3 + 0). Suppose -4*n + 73 = m, 6*n - 11*n + x = 2*m. What is the highest common divisor of 119 and n?
17
Let l(x) = x**3 - 3*x**2 + 7*x + 2. Let z(c) = -2*c**2 + c. Let d(w) = -l(w) - 4*z(w). Let j be d(6). What is the greatest common divisor of 168 and j?
56
Suppose -10 = -0*i + 5*i, 0 = 2*w + 5*i - 170. Let s(y) = y**3 - 7*y**2 - 24*y - 115. Let g be s(11). Calculate the greatest common factor of w and g.
15
Suppose 5*k - 26 = -2*i - 0*i, -3*k = -5*i + 34. Let h = i - 50. Let z = h + 67. Calculate the greatest common divisor of 5 and z.
5
Suppose 4*l - m - 1012 = 2*m, 2*l + m = 516. What is the highest common divisor of 208 and l?
16
Suppose q + 4*j = 285, -2*j + 0*j = -q + 267. Let i(y) = y**2 + 6*y + 2. Let f be i(-10). Calculate the highest common divisor of q and f.
21
Let g be 6 + ((-8)/(-16))/(2/(-76)). Let s(z) = -z**2 - 12*z + 39. Let t be s(g). Calculate the highest common factor of 221 and t.
13
Let m(w) = 22*w**2 + 38*w + 34. Let j be m(-19). Calculate the highest common factor of 936 and j.
234
Suppose -61*k - 1201 = 40*k - 66851. Calculate the greatest common divisor of k and 260.
130
Suppose -3*p = s - 6, 12 = p - 2*s - s. Let v(k) = 3*k**2 - p*k + 10 - 6*k - 4*k**2 - 7*k. Let t be v(-13). Calculate the highest common factor of 147 and t.
49
Let u(v) = 3*v - 15. Let r be u(-16). Let n = 1 - r. Suppose 5*f = n + 21. Calculate the highest common divisor of 85 and f.
17
Let g(v) = 2*v**2 + 3*v - 14. Let l be g(-11). Let j be ((-74)/(-4))/((-8)/16). Let d = j - -76. Calculate the greatest common divisor of d and l.
39
Let c = -370 - -403. Suppose 0 = 11*w + c*w - 55660. What is the greatest common divisor of 55 and w?
55
Let u be 4/(-64)*2 - 555/(-24). Suppose u*q - 327 - 18 = 0. Calculate the highest common divisor of 285 and q.
15
Let x(i) = -i**2 - 22*i + 872. Let u be x(19). What is the highest common divisor of u and 558?
93
Let x be (2 - -2)*(-3)/(-2). Let o = -63 - -66. Suppose -v + x = -o. What is the highest common factor of v and 81?
9
Let u(g) = g**2 - 2*g + 10. Let w be u(10). Suppose 0 = w*v - 96*v + 84. What is the highest common factor of 56 and v?
14
Suppose -114 = 34*x - 35*x + 2*q, 4*x = q + 477. Let s = x + -104. Calculate the highest common factor of 304 and s.
16
Let s(v) = -v + 25. Let z be -4 - (1/(-2))/((-9)/(-396)). Let y be s(z). Calculate the highest common divisor of 7 and y.
7
Let b(l) = 14*l + 2. Let d = -29 - -29. Let m be b(d). Calculate the greatest common factor of m and 2.
2
Let k be (1 - -1) + (-4 + 19 - -6). Suppose k*f + 644 = 30*f. Calculate the highest common divisor of 69 and f.
23
Suppose v - 5*s = -2*v + 45, -15 = 5*s. Let d(k) = k**2 + 4. Let u = 13 - 13. Let n be d(u). What is the highest common divisor of v and n?
2
Suppose 0*h - 3*t = -h + 9, -14 = -2*h + 4*t. Suppose -1521 = -216*p + 177*p. What is the greatest common divisor of p and h?
3
Suppose 5*m - 53 = 67. Let r be (-640)/100*(1 - 31). What is the greatest common divisor of r and m?
24
Let d(h) = -h**3 + 57*h**2 + 77*h + 866. Let n be d(58). What is the greatest common divisor of n and 1599?
123
Suppose 0 = -2*n + 29*c - 32*c + 73, 4*n = -4*c + 132. Let b be (-3*1)/((-3)/4). Let i be (26 + 0)*2/b. What is the highest common divisor of n and i?
13
Let k(b) = b**2 + 10*b + 11. Let n be 3/(